 Let h(o) = -3*o**2 - 20*o - 8. Give h(k).
4
Let b = 7 - 7. Let g(y) be the third derivative of 1/2*y**3 + 0 - 1/24*y**4 + 0*y - 57*y**2. Determine g(b).
3
Let g(l) = 8 - 9*l - 6*l**2 + 3*l**2 + 2*l**2 + 6*l. Suppose -5*n = -d + 31, 4*n - 4*d = -14 - 14. Give g(n).
-10
Let k be ((-20)/25)/(12/(-510)). Let z(u) = -u - 33 + u - u**2 + 72 - k. What is z(-3)?
-4
Let m(y) be the first derivative of -y**4/12 - 5*y**3/6 + 3*y**2 + 55*y - 36. Let s(t) be the first derivative of m(t). Give s(-7).
-8
Let s = 1027 - 1021. Let g(j) = -j - 6. Determine g(s).
-12
Let g(k) be the second derivative of -k**5/40 + k**4/4 + 3*k**3 - k**2/2 - 56*k. Let r(c) be the second derivative of g(c). What is r(7)?
-15
Suppose o + 780*s - 43 = 783*s, -23 = -2*o - 3*s. Let w(x) = -x**3 + 24*x**2 - 42*x - 53. Give w(o).
-9
Let h be 64/11 + (-12)/(-66). Let n(g) = -9*g**3 + 5*g**2 + 6*g. Let j(t) = -18*t**3 + 9*t**2 + 11*t. Let p(i) = h*j(i) - 11*n(i). Calculate p(1).
-10
Let b(l) = -l**2 - 28*l - 30. Let o be b(-27). Let k(h) = h**3 - 6*h**2 - 4*h - 17. Let f be k(7). Let a(i) = f*i**2 + 4 - 2 + 9*i - 6*i. Give a(o).
29
Suppose 41*l = 43*l + 636. Let s = -320 - l. Let d(v) = 2*v**3 + 4*v**2 + 3*v + 2. Determine d(s).
-4
Suppose -3*b - 14 = -q, 0 = -2*b + 2 - 8. Suppose -5*m - 4*n + 13 = 0, 0 = 5*m - 3*n - 2*n + 5. Let u(j) = -m + j + q*j - 2*j + j. Give u(4).
19
Let x(w) = 10*w - 32. Let g be (244/40 - 6) + (139/10 - 6). Determine x(g).
48
Let f be 2 + (1 - 1)/3. Let s(u) = u**2 + 4 + f*u + 3*u - 4 + 3. Determine s(-3).
-3
Let x(l) be the first derivative of -l**3/6 + 15*l**2/2 - 29*l - 32. Let v(u) be the first derivative of x(u). Calculate v(7).
8
Suppose -25*w + 101 + 38 = -61. Let d(c) = -c**3 + 9*c**2 - 6*c - 14. Determine d(w).
2
Let k(a) be the second derivative of -a**5/20 + 5*a**4/6 - a**3/6 + 10*a**2 - 1962*a. Give k(10).
10
Let n(b) = b - 4. Suppose -21*u = -6*u + 150. Let z(v) = -2*v**3 - 19*v**2 + 7*v + 2*v + 0 - 8. Let f be z(u). Give n(f).
-2
Let x(b) = b**3 + 2*b**2 - 4*b - 12. Let v(j) = 117*j - 120. Let y be v(1). Determine x(y).
-9
Suppose 7*a = 68 + 9. Suppose a*d = d + 18*d. Let m(w) = w**2 + w + 9. Determine m(d).
9
Let c(w) = -w - 5. Let n(a) = 2*a + 50. Suppose -69 - 72 = 5*l + 2*t, -4*t - 12 = 0. Let h be n(l). Give c(h).
-1
Suppose -8 = a + 7*f - 9*f, -6*a - 20 = 2*f. Let x(l) be the first derivative of -l**4/4 - 2*l**3 - 9*l**2/2 + 4*l - 5. Give x(a).
8
Let n(c) = -c - 5. Suppose -5*r + 128 = -t + 3*t, 47 = 2*r + 5*t. Let l(o) = o - 26. Let y be l(r). Suppose y = -11*z + 17*z + 24. Determine n(z).
-1
Let b(v) be the second derivative of 17/20*v**5 - 1/2*v**2 + 158*v + 0*v**4 + 0*v**3 + 0. What is b(-1)?
-18
Let g(n) = -2*n**2 - n - 63. Let j be g(10). Let d = j + 278. Let x(t) = -t**3 + 2*t**2 + 4*t + 4. What is x(d)?
-51
Let i(o) = 2*o**2 - 6*o + 4. Let v(m) = m + 3. Let d be v(-2). Let l(n) = 46*n + 4. Let w be l(d). Let j = w - 46. Give i(j).
12
Let r(p) = -7*p**3 - p**2 + 3*p - 2. Let n be r(1). Let q(y) = -26*y**3 - 3*y**3 - 9 - 8*y**2 - 4*y**3 + 32*y**3 - 9*y. Determine q(n).
5
Let s(j) = j**2 + 4*j + 2. Let x(f) = 2*f**2 + 9*f. Suppose 22*r = 19*r. Let u be 2*(r + (-1 - 1)). Let m be x(u). Calculate s(m).
2
Let h(z) be the second derivative of -1/6*z**3 + 3 + 9/2*z**2 + 42*z - 1/20*z**5 - z**4. What is h(-12)?
21
Let a(n) = n**3 - n**2 - 2*n - 2. Let c(p) = p**2 + 20*p - 41. Suppose 10 = 4*j + 2*s, 3*j = 32*s - 29*s + 3. Let t be c(j). Determine a(t).
10
Let u(k) = -10*k**2 - 43*k**2 + 20*k + 50 + 52*k**2. Let q be u(22). Let a(z) be the second derivative of z**3/3 - 4*z**2 + z. Determine a(q).
4
Let w = 870 + -859. Let x(u) = u**3 - 8*u**2 - 33*u + 3. Give x(w).
3
Suppose 15*p + 53 = 158. Suppose m = 2*x - 12, 3*m = m. Let d(s) = 6*s**3 - 6*s**3 + s**3 + 5*s - x*s**2 - 16*s + 10. Determine d(p).
-18
Let m be (-540)/3*(-30)/20. Let y be 0 + (-32)/(-10) + 216/m. Let a(z) = -6*z - 1. Let i(d) = d. Let t(g) = 4*a(g) + 28*i(g). Calculate t(y).
12
Let q(y) = -3 + 16*y - 2*y**2 + 5*y**2 + 10*y**2 + y**3 - 2*y**2. Let n be q(-9). Let x be 6/(-9) + (-50)/n. Let i(u) = -u**2 - 4*u + 5. Determine i(x).
5
Let j(z) = z**2 - 3*z - 5. Let i be j(5). Suppose b + 3*b + i*c - 635 = 0, -155 = -b - 5*c. Let d = 154 - b. Let o(a) = -a**3 - 6*a**2 - 3. Give o(d).
-3
Let i(v) be the first derivative of -v**3/3 - 3*v**2 + 71*v + 217. Let b(n) be the first derivative of i(n). Determine b(8).
-22
Let k(s) = -108*s + 6807. Let d be k(63). Let f(r) = 5*r - 5. Let y(t) = t - 1. Let q(c) = 4*f(c) - 22*y(c). What is q(d)?
-4
Let p(m) = -2886 + 2930 - 49*m - m**2 + 63*m. Determine p(-3).
-7
Let n be (3/12)/(5/120). Let a(b) = -b**3 + 37*b**2 - 31*b**2 - 2 + 11*b - 12*b. Calculate a(n).
-8
Let i(d) = -d. Suppose f + 5*b = -4 - 0, -f + 2*b = -3. Let v = 13 - f. Suppose 10*z + v - 62 = 0. Calculate i(z).
-5
Let a(d) = d**2 - 4*d + 2. Suppose u + 3 = 0, 2*h + 2*u = -0 + 2. Let q = -1100 - -1101. Let p = h - q. Calculate a(p).
-1
Let h be (8*(-45)/(-144))/((-10)/8). Let y(q) = -q**2 - 8*q - 11. Give y(h).
1
Suppose 0 = v + 2*t - 20, -3*v + 58 - 4 = 4*t. Let j(w) = w**3 - 15*w**2 + 13*w + 4. Determine j(v).
-10
Let j(h) = -h**3 + 2*h**2 + 6*h - 1. Let k(t) = t**3 - 56*t**2 + 6*t - 332. Let y be k(56). Determine j(y).
-9
Let z(b) = 2*b**2 + 12*b - 12. Let r be z(-7). Let j(y) be the second derivative of r*y**2 + 0 + 1/6*y**3 + 4*y. Determine j(0).
4
Let a(v) be the second derivative of -v**4/6 + 16*v**3/3 - 5*v**2 + 1955*v. Determine a(16).
-10
Let b(t) = -3*t - 1. Let l(p) = p**3 - 15*p**2 + 2*p - 26. Let y be l(15). Suppose -5*m - y + 6 = -2*s, m = -4*s + 18. Let j be m/(-5) + 133/95. What is b(j)?
-4
Let l = 221 + -218. Let y(q) = 7*q**2 - 2*q - 6. Let t(g) = 12*g**2 - 3*g - 9. Let h(p) = -4*t(p) + 7*y(p). What is h(l)?
-3
Suppose -307 = 184*k + 110*k - 2659. Let q(b) = 61*b - 494. Calculate q(k).
-6
Let d be -6 + (-2)/9 + 3608/198. Let s(m) = -m**2 + 15*m + 6. What is s(d)?
42
Let s be 10*5/20*52/10. Let j(h) = -14 + 34 - h - s. Calculate j(0).
7
Let c(v) = v**2 - 10*v + 1. Let u(d) be the second derivative of 3*d**3 - 157*d**2 - d + 23. Let p be u(18). Give c(p).
1
Suppose -5*y = 20, -2*i - 22 - 18 = 5*y. Let u = i - -13. Let a(g) = u*g**2 - 30*g + 15*g + 15*g - 3 + g**3. What is a(-3)?
-3
Let o = -23703 - -23697. Let z(v) = 2*v + 1. Determine z(o).
-11
Suppose 0 = -3*h - 3*k + 30, 3*h + 6*k - 29 = 4*k. Let v(u) = 2*u - 20. Let d be v(h). Let j(l) = -3 - 36*l - 35*l + 112*l - 42*l. What is j(d)?
-1
Suppose -89*x + 51 = -72*x. Suppose -x*j - w = 11 + 1, 5*w - 16 = 4*j. Let f(a) = -a**3 - 7*a**2 - 6*a. Determine f(j).
-24
Let t = -647 + 2494. Let f(x) = -922*x - 4 - 928*x + t*x. Give f(6).
-22
Let w(a) be the first derivative of 3*a - 2 - 3/2*a**2. Suppose -133*s + 66*s + 9 = -64*s. What is w(s)?
-6
Let j(u) = -u**2 - 6*u + 2. Let n(p) = -p**3 + 5*p**2 - 2*p - 15. Suppose 2*f + 6 = 4*w + 4, w - 2 = 0. Let v be n(f). Calculate j(v).
11
Let y(i) = i**3 + 5*i**2 + 2*i - 2. Let m(c) = c - 4. Let f = 6 + -1. Suppose f*h + 11 = r, 2*h = 5*r - 8 - 1. Let j be m(r). Give y(j).
10
Suppose -b + 0 = -2. Let q(u) be the first derivative of 3*u**2/2 + u - 21295. What is q(b)?
7
Suppose 56 = -3*u + 4*o, 5*u + 335*o + 72 = 331*o. Let f(l) = -l**2 - 16*l - 26. What is f(u)?
-26
Let o(b) = 26*b - 22. Suppose -327*m + 1426 = 12*m + 409. Give o(m).
56
Let g be 28/21 + (-8)/60*-5. Let u(l) = -80*l**2 + 244*l**2 - g - 3*l - 83*l**2 - 80*l**2. Calculate u(3).
-2
Let c(x) = -12*x + 77. Let l(r) = 66*r - 417. Let a(j) = 27*c(j) + 5*l(j). Give a(4).
18
Let y(h) = -196*h + 167. Let z(i) = -77*i + 83. Let t(d) = -2*y(d) + 5*z(d). Give t(-11).
4
Let d(j) = -5*j**2 + 2*j - 3. Suppose 646*y - 42 = 667*y. Determine d(y).
-27
Let n(c) = 7*c - 6. Suppose -19*z - 66 = -30*z. Let o(a) = -8*a + 7. Let b(k) = z*o(k) + 7*n(k). Let r be (3/(-4))/((-1)/(-4)). Determine b(r).
-3
Let w(o) be the first derivative of -o**3/3 - o**2/2 - 22*o + 2175. Give w(-4).
-34
Let o(w) = 50 - 101 + 65 + 7*w. Calculate o(8).
70
Let l(w) = 9*w + 42. Let a = 3820 - 3825. Calculate l(a).
-3
Let s(l) = -l**2 - 3*l + 147 + 125 - 268. Let g = -24 - -28. Calculate s(g).
-24
Let u = 82 - 79. Suppose -n = -5*k + 20, 3*k - u*n - 20 = -4*n. Suppose -k*q = 0, 4*a - 8*a - 5*q - 24 = 0. Let h(f) = 2*f + 7. What is h(a)?
-5
Let k(q) be the fir